+ 7*d**5/120 + d**4/6 - 23*d**3/6 - 93*d. Let l(m) be the second derivative of g(m). What is l(-5)?
-6
Let z(l) be the third derivative of l**6/120 - 11*l**5/60 - 7*l**4/12 + 25*l**3/6 + 88*l**2 + 2. Give z(12).
1
Let o = 7357 - 7367. Let c(p) = -p**2 - 5*p + 21. Calculate c(o).
-29
Let w(h) = h**2 - 10*h + 20. Suppose n = -0*i + 2*i, 3*n + i + 7 = 0. Let q be 3 - 2/n*3. Let m be w(q). Let s(v) = -v**3 - 4*v**2 + v + 5. Calculate s(m).
1
Let c(u) = -u**2 + 11*u - 11. Suppose -31 = 4*i + 2*q - 205, 3*i + 4*q = 123. Let t be ((-36)/(-10))/(-8 + 378/i). Determine c(t).
7
Let g(d) = d**2 + 5*d + 2. Let l(r) = -43*r - 6. Let o be l(2). Let y = o - -96. Suppose y + 12 = -8*k. Give g(k).
-4
Let w(g) = 46 - 22*g**3 - 19*g - 19*g**2 + 58*g**3 + 8 - 16*g**3 - 21*g**3. Give w(-18).
72
Let x be (-54)/10 - 134/(-335). Let r(p) = p**3 + p**2 - p. Let k be r(-3). Let h be (-4)/1 - (2 - k/x). Let a(i) = -i + 4. Determine a(h).
7
Let t = -3 + 16. Suppose t = 5*c - 7. Suppose 0 = c*g + 19 - 27. Let p(j) = -j**3 + j**2 + 1. What is p(g)?
-3
Let o(p) = -p**2 + 23*p + 327. Let z be o(-10). Let g(n) = n**2 + 7*n + 7. What is g(z)?
-5
Let y = -7754 - -7759. Let q(t) = t**3 - 8*t + 6. What is q(y)?
91
Let r(h) = h - 6. Let p = 113 - 107. Suppose p = 8*v - 6*v. Determine r(v).
-3
Let k = 3177 + -3188. Let h(l) = l**3 + 12*l**2 + 13*l + 22. What is h(k)?
0
Let v(a) = -130*a + 90. Let b(m) = -69*m + 44. Let f(q) = -11*b(q) + 6*v(q). Calculate f(6).
-70
Let z(u) be the second derivative of -5*u**3/3 + 9*u**2/2 - 12*u - 52. What is z(-1)?
19
Let r be (-15)/(-6) + (-2)/4. Let k be 637/221 - (-12)/102. Let o(b) = -k*b**2 + b**3 + 4*b**2 - 2*b**r - 24 - b + 0*b**2. What is o(0)?
-24
Suppose r = 5*l - 28, -62*r + 60*r - l - 12 = 0. Let z(i) = i**3 + 9*i**2 + 14*i + 15. Let a(y) = 2*y + 1. Let s(n) = -3*a(n) + z(n). Calculate s(r).
12
Suppose -4*n = -8*n - 60. Let o = -11 - n. Suppose 13*l = o*l - 9. Let r(c) = -6*c**3 - 2*c**2 - 2*c - 1. Determine r(l).
5
Let d(r) be the first derivative of r**5/120 - 3*r**4/8 - 11*r**3/3 + 97. Let y(f) be the third derivative of d(f). What is y(8)?
-1
Let x be -7*((-6)/2 - -2). Let q(k) = -k**2 - 9*k - 4. Let c be q(-7). Let m(a) = -4 + c*a + 12*a - a**2 - 15*a. Give m(x).
-4
Let y(v) = -27*v. Let c(d) = 102*d + 4. Let n(t) = -c(t) - 4*y(t). Calculate n(-16).
-100
Let t(y) = 2*y**2. Suppose 2*c + m = 29, -2*m + 44 + 0 = 3*c. Suppose -6*g - 8 = -c. Calculate t(g).
2
Let f(t) = -33*t - 22. Let m(h) = 36*h + 28. Let r(w) = -5*f(w) - 4*m(w). Calculate r(2).
40
Let p(w) = -27*w + 2222. Let l(b) = 11*b - 909. Let y(i) = 22*l(i) + 9*p(i). Let s = -1 - -1. What is y(s)?
0
Let k = 7364 + -7359. Let c(l) = l**3 - 6*l**2 + 8*l - 10. Determine c(k).
5
Let t(l) = l**3 - 3*l**2 + 4*l - 3. Let x = 48 + -46. Suppose 3*q - 13 = 20. Let r(o) = -5*o**3 + 14*o**2 - 19*o + 16. Let u(v) = q*t(v) + x*r(v). Give u(4).
7
Let k(n) = 3*n**3 - 2*n. Let i(v) = 2*v**3 - v**2 - v - 1. Let t(j) = 2*i(j) - 3*k(j). Let u be t(1). Let f(y) = y**2 + 7*y. What is f(u)?
-10
Let c(b) = b**3 + 2*b**2 - 9*b - 15. Let t = -2113 - -2110. Give c(t).
3
Suppose r + 20 = 2*n + 8, 0 = 2*n - 10. Let i(t) = -455*t - 55. Let l(g) = -33*g - 4. Let y(a) = -4*i(a) + 55*l(a). Give y(r).
-10
Let d(v) = 4*v - 6. Suppose 707 = -53*r + 124. Let h(a) = -a**3 - 9*a**2 + 16*a - 74. Let q be h(r). What is d(q)?
-38
Let t(x) be the first derivative of 5*x**2/2 + 4*x + 4351. What is t(1)?
9
Let s(l) be the third derivative of l**5/60 + l**4/12 - l**3/3 - 1706*l**2 + 9*l - 1. Let n = 3 + -2. What is s(n)?
1
Let q(d) = -2*d - 6. Let g be q(-4). Suppose a - g = -a, -4*p - 3*a = -11. Suppose -3*h + 0*y + p*y = -19, 3*h - 24 = -3*y. Let z(f) = -f + 10. What is z(h)?
3
Let q(h) = h**3 - 8*h**2 - 7*h - 12. Let y = 4955 - 4946. What is q(y)?
6
Suppose -5*l - 2*s = -9, 10 = -2*l - 5*s + 1. Let p(h) = 2 - 2*h**2 + 386*h - 3*h**l + 2*h**3 + h**2 - 382*h. Let a be p(-3). Let w(j) = j - 6. Determine w(a).
2
Let g(s) = 6 + 7 - 15 - 6*s. Suppose d + 17 = 3*t, 14 = -2*d + 4*t - 3*t. Let v = 7 + d. Determine g(v).
-14
Let j(z) = 7*z + 4*z + 11*z - 4*z + 17. Give j(-5).
-73
Let g = -9534 - -9561. Let a(u) = -u**3 + 25*u**2 + 53*u + 23. What is a(g)?
-4
Let q(j) = 3*j**3 + 100*j**2 + 26*j - 224. Let n be q(-33). Let d(w) = -22*w + 18. Determine d(n).
-136
Let z(l) = l**3 - 9*l**2 - 10*l + 2. Let b be z(10). Let u(q) be the first derivative of 2*q + 2/3*q**3 + 1/4*q**4 + 15 - 3/2*q**b. What is u(-3)?
2
Let y(f) = f**2 + f - 1. Let c(z) = 5*z**2 + 13*z + 1. Let h(j) = -c(j) + 4*y(j). Give h(-4).
15
Let g(q) = 5*q - 3 - 2*q - 3. Suppose 38*k - 4*b = 34*k - 36, -2*b = -26. Calculate g(k).
6
Let j(f) = 23*f**2 + 69*f + 287. Let h(b) = 5*b**2 + 15*b + 72. Let o(a) = -9*h(a) + 2*j(a). Give o(-11).
14
Let d = 15 - 6. Let j(o) = -4 - o + 6 + 6*o - 20*o + 8*o + 8*o. Calculate j(d).
11
Suppose 3*b + 282 = 3*l, 0 = 2*l - 5*b + 2 - 199. Let q(a) = 3 - 3*a - 92*a**2 + l*a**2 + 6*a. Calculate q(4).
-1
Let x(g) = -2*g**2 - 34*g + 9. Suppose -5*c - 2*z = -0*z + 3557, -2848 = 4*c + z. Let y = -730 - c. Calculate x(y).
9
Let f(g) = -g**2 + 3*g - 15. Let u be -2 - (((-33)/(-39))/11 - (-118)/(-13)). Determine f(u).
-43
Let o = 108 - 128. Let z(l) = -8*l + 60. Let b(k) = 3. Let p(x) = o*b(x) + z(x). Calculate p(-1).
8
Let s(y) be the second derivative of 1/3*y**4 - 1/2*y**2 + 1/3*y**3 - 3*y - 22. Determine s(-3).
29
Let c(y) = 7*y**3 - 41*y**2 + 7*y - 43. Let b(p) = 11*p**3 - 62*p**2 + 11*p - 64. Let s(j) = -5*b(j) + 8*c(j). Calculate s(18).
-6
Suppose -5*g + s - 1 = -10, -2*g + 6 = 2*s. Let p(r) = 12*r**2 - 2 - 8*r - g - 13*r**2. What is p(-5)?
11
Let k(l) be the second derivative of 60 + 5/12*l**4 + 1/6*l**3 + 0*l**2 - 2*l. Determine k(2).
22
Let c(l) = -39 + 29276*l - 58557*l + 29277*l. Give c(-11).
5
Let l be -2*1/2*(37 + -35). Let p(q) = 16*q + 2. Determine p(l).
-30
Let h(i) = -15*i + 23. Let t(v) = 48*v - 73. Let z(a) = 19*h(a) + 6*t(a). Give z(2).
5
Let g(c) = -9211*c + 4*c**2 + 4592*c + c**2 + 4598*c + 50 - 3*c**2. Give g(6).
-4
Let y(o) = -o**3 + o**2 + 4*o - 5. Let r(d) = 6*d**3 - 5*d**2 - 20*d + 38. Let w(j) = -r(j) - 5*y(j). Let b(f) = f**3 - 6*f**2 + 5*f. Let a be b(5). Give w(a).
-13
Suppose 9 = 35*o - 32*o. Suppose z - 3*k = -1, o*k - 17 = 5*z - 0*k. Let x(p) = p**3 + 5*p**2 + 5*p + 4. What is x(z)?
0
Let l(s) = -s**2 - 12*s - 10. Let z = -530 + 284. Let c = z + 235. Calculate l(c).
1
Let f(v) be the second derivative of 10*v**3/3 - 19*v**2 + 96*v + 4. Determine f(6).
82
Let u(o) = -o - o**3 - 81*o**2 - 77*o**2 + 4*o + 6 - 78*o**2 + 244*o**2. Calculate u(8).
30
Let s(a) = -16*a**2 + a - 1. Let d(o) = -o**3 - 2*o - 50. Suppose 0 = 4*p - 2*p - 4*y - 20, 3*p + 5*y = -25. Let v be d(p). Let i = 51 + v. Give s(i).
-16
Let t = -3 - -2. Let s be t + (2 - 1) - -1. Let w(b) be the second derivative of b**4 - b**3/6 + b**2/2 + 3839*b. What is w(s)?
12
Let l(p) = 3*p + 5. Let y = 194 + -74. Let i = -124 + y. Determine l(i).
-7
Let r(m) be the third derivative of m**6/120 + 29*m**5/60 - 5*m**4/2 + 31*m**3/3 - 4041*m**2. Determine r(-31).
0
Let p(u) = 11 - 5*u**3 - u**2 - 13 + 3. Let l(v) = v**3 - 4*v**2 + 19*v - 75. Let k be l(4). Determine p(k).
-5
Suppose -15*f = -14*f - 2. Let m be (85 - -1)*(4 - 9/f). Let q = m + 47. Let c(s) = s**2 - 6*s + 5. Give c(q).
-3
Let r(w) be the first derivative of -w**4/4 + w**3/3 - 34*w + 3312. What is r(0)?
-34
Let b(c) = 7*c + 426 - 1325 + 476 + 425. Let u(h) = -h**3 + h - 2. Let x be u(0). Calculate b(x).
-12
Let s(n) = n**3 - 10*n**2 - n + 18. Let x be s(10). Suppose 3*j = -4*l - j - x, 0 = -4*l - j + 4. Let t(r) = 5 - 4 + 4 - 2*r + l. Determine t(7).
-7
Let r(u) = -u**2 + 12*u - 27. Let v(h) = 5*h**2 - 90*h + 96. Let p be v(17). Give r(p).
-16
Let o(v) = -v**3 + 10*v**2 + 12*v - 5. Let l = 1825 - 1814. Give o(l).
6
Let h(o) be the first derivative of o**3/3 + 5*o**2 + 5*o + 6. Let g(d) = -d**2 - 125*d + 2245. Let q be g(16). What is h(q)?
16
Let s(z) = -8*z**2 - 58*z + 40. Let a = 15940 + -15948. Give s(a).
-8
Let i(t) be the second derivative of -1 + 3*t - 7/2*t**2 + 1/6*t**3. Calculate i(7).
0
Let l(g) = 5*g**2 - 67*g + 20. Let k be 79/6 + 5 + (-31)/6. Let n be l(k). Let v(u) = -u + 1. Determine v(n).
7
Suppose -7*a = -2*a - 70. Let t be a*(1 - 1/2). Let s(f) = 46 - 8*f - 19 + f**2 - 23. Calculat